2*q**3 - 49*q**2 - 148*q + 721. Calculate n(-5).
-14
Let m(n) = n**2 - 99*n - 3576. Calculate m(-28).
-20
Let k(y) = y**3 + 34*y**2 + 123*y + 120. Give k(-30).
30
Let t(g) = g**3 - 442*g**2 + 34192*g + 800. Determine t(100).
0
Let s(x) = -2686*x - 124838. Calculate s(-48).
4090
Let b(s) = -88730*s + 710413. What is b(8)?
573
Let x(v) = -v**3 + 559*v**2 + 27183*v + 134. Determine x(-45).
-1
Let w(l) = 2*l**2 - 525*l + 25626. Give w(198).
84
Let p(b) = -b**3 + 40*b**2 + 77*b - 1670. Give p(42).
-1964
Let k(f) = f**3 + 23*f**2 + 595*f + 4177. Give k(-7).
796
Let b(g) = -131860*g + 1186748. Calculate b(9).
8
Let x(f) = 93*f**2 - 5018*f - 175. Determine x(54).
41
Let h(c) = 44*c + 212. Calculate h(3).
344
Let w(y) = 165*y**2 - 58240*y - 1767. Calculate w(353).
-2
Let d(o) = 19*o**2 + 203*o + 435. Determine d(-2).
105
Let i(d) = 29618*d + 39717732. What is i(-1341)?
-6
Let q(w) = -1652*w**3 + 79296*w**2 - 3*w + 143. Calculate q(48).
-1
Let g(w) = w**3 + 7*w**2 + 50*w + 76. Give g(-10).
-724
Let i(b) = 2*b**2 + 44*b - 1988. Determine i(-44).
-52
Let v(a) = 10*a**2 - 582*a - 2031. What is v(61)?
-323
Let l(k) = k**3 + 98*k**2 + 722*k + 178. What is l(-90)?
-2
Let b(i) = -2*i**3 + 180*i**2 + 957*i - 493. What is b(95)?
172
Let z(j) = -j**2 - 8903*j + 4277505. Determine z(457).
-15
Let g(x) = 11*x**2 + 498*x - 1518. Give g(-48).
-78
Let h(w) = -1322*w + 144152. What is h(109)?
54
Let w(o) = 5*o**3 - 4*o**2 - 371*o - 684. Determine w(-7).
2
Let f(w) = -2207*w + 408374. Calculate f(185).
79
Let u(w) = -73*w**3 + 292*w**2 + 589*w + 9. Determine u(-2).
583
Let n(x) = x**3 - 47*x**2 + 5125*x - 219684. Calculate n(44).
8
Let b(p) = 18*p**3 - 611*p**2 - 136*p + 2756. What is b(34)?
-712
Let k(d) = -2*d**3 - 29*d**2 - 31*d - 118. Give k(-9).
-730
Let v(d) = -d**2 - 416928*d + 30441076. Give v(73).
3
Let h(f) = 5*f**2 + 512*f + 4591. What is h(-11)?
-436
Let w(o) = 119*o**2 - 121*o + 77. Give w(1).
75
Let k(g) = g**3 - 6*g**2 - 590*g - 2194. Calculate k(-4).
6
Let m(k) = 35*k**3 + 64*k**2 + 133*k + 30. Calculate m(-2).
-260
Let c(z) = -2*z**3 + 15*z**2 - 6799*z + 47535. Give c(7).
-9
Let c(h) = 4286*h - 34488. Give c(8).
-200
Let g(m) = m**3 + 22*m**2 + 95*m - 69. Determine g(-15).
81
Let s(j) = -234297*j - 1405799. Give s(-6).
-17
Let c(x) = 1878*x - 191563. Give c(102).
-7
Let d(f) = 14*f**2 - 5387*f + 26309. Give d(5).
-276
Let f(c) = -3825*c - 172137. What is f(-45)?
-12
Let b(c) = -7*c**2 - 2687*c - 112783. Determine b(-48).
65
Let f(a) = 27*a**2 - 5027*a - 10064. What is f(-2)?
98
Let y(t) = 107*t + 3479. Determine y(-47).
-1550
Let q(h) = -2*h**3 - 195*h**2 - 321*h + 14695. Calculate q(-95).
65
Let z(d) = -668600*d - 6017414. Determine z(-9).
-14
Let n(v) = 4661*v - 37257. What is n(8)?
31
Let l(a) = -2196*a + 59452. Give l(27).
160
Let u(v) = 2*v**3 - 36*v**2 - 7*v - 86. Give u(20).
1374
Let p(o) = -o**3 - 30*o**2 - 44902*o - 1164748. Calculate p(-26).
0
Let c(o) = -24*o**2 + 527*o - 2638. What is c(5)?
-603
Let y(x) = -492655*x - 2463277. Calculate y(-5).
-2
Let h(n) = -3*n**2 + 126*n + 70745. What is h(-134)?
-7
Let x(w) = 270*w**3 + 32*w**2 + 40*w + 9. Give x(-1).
-269
Let l(i) = 4*i**3 - 187*i**2 - 41*i + 208. What is l(47)?
490
Let d(q) = 4*q**3 + 14*q**2 + 19*q - 49. Give d(-4).
-157
Let g(l) = 51*l**3 - 49*l**2 - 24*l + 27. Determine g(-1).
-49
Let y(j) = 162280*j - 649112. Calculate y(4).
8
Let y(h) = 14*h**2 + 6269*h - 12597. Determine y(2).
-3
Let q(s) = 296*s - 4279. Calculate q(13).
-431
Let f(d) = -d**3 - 294*d**2 - 569*d + 4337. Determine f(-292).
-43
Let x(b) = 3*b**3 - 3*b**2 + 96*b - 191. What is x(2)?
13
Let k(t) = -t**3 - 65*t**2 + 262*t + 399. Give k(5).
-41
Let n(y) = -305*y**2 + 11560*y - 39. Calculate n(38).
-1179
Let b(j) = j**2 + 2982*j - 148512. Calculate b(49).
7
Let q(y) = 55*y**3 - 108*y**2 + 93*y - 194. What is q(2)?
0
Let i(c) = 2757716*c - 30334873. What is i(11)?
3
Let i(o) = 69*o**3 - 18562*o**2 + 268*o + 289. Calculate i(269).
20
Let f(p) = 560302*p + 41462356. Give f(-74).
8
Let t(v) = 3414*v**2 + 594037*v + 172. Give t(-174).
-2
Let z(t) = t**2 - 202*t - 59595. Determine z(-163).
-100
Let k(x) = 183690*x - 367372. What is k(2)?
8
Let n(r) = -2*r**3 + 85*r**2 - 216*r - 33. Determine n(40).
-673
Let g(l) = -38*l**2 - 112*l - 75. Calculate g(-12).
-4203
Let o(g) = -53167*g - 106321. What is o(-2)?
13
Let m(z) = 27666*z - 193993. Calculate m(7).
-331
Let h(c) = 27*c**2 + 648*c + 555. Calculate h(-23).
-66
Let k(g) = -1446*g**2 + 344146*g + 492. What is k(238)?
16
Let l(n) = -564*n**2 + 10626*n + 13086. Give l(20).
6
Let o(h) = 2*h**3 + 56*h**2 - 777*h - 18314. What is o(-31)?
7
Let q(c) = -2*c**2 + 267*c - 1176. Give q(5).
109
Let b(z) = z**2 - 6969*z - 160723. Determine b(-23).
93
Let r(b) = -3*b**3 + 269*b**2 - 1239*b + 4123. Determine r(85).
-42
Let i(b) = 12*b**2 - 54*b + 67. Determine i(6).
175
Let y(p) = p**2 - 269*p - 14843. Calculate y(-47).
9
Let c(b) = -170*b + 19827. Give c(113).
617
Let a(h) = -181*h**2 + 1234*h + 254. Determine a(7).
23
Let n(d) = -d**2 - 5393*d + 2679756. Calculate n(458).
-2
Let b(m) = -3327*m - 399215. Determine b(-120).
25
Let l(j) = j**2 + 463*j + 3650. Give l(-8).
10
Let g(y) = -y**3 - 94*y**2 + 773*y - 4316. Determine g(-102).
70
Let d(t) = t**2 - 762*t + 59763. Determine d(89).
-134
Let x(b) = 3*b**3 - 291*b**2 + 4*b - 536. Give x(97).
-148
Let j(d) = -20*d**3 + 238*d**2 + 686*d - 30. What is j(-3)?
594
Let a(n) = 22*n**3 - 233*n**2 + 140*n - 95. Calculate a(10).
5
Let y(l) = -24*l**2 + 636*l + 2837. Determine y(-4).
-91
Let m(r) = -2*r**3 + 32*r**2 - 5*r + 328. What is m(17)?
-335
Let a(f) = -80*f**3 - 54*f**2 + 141*f - 45. Calculate a(2).
-619
Let u(f) = -24*f**3 + f**2 + 12*f + 2. Calculate u(2).
-162
Let f(y) = -10454*y + 51782. Calculate f(5).
-488
Let r(g) = 2*g**3 + 383*g**2 + 192*g + 250. What is r(-191)?
59
Let c(r) = 8668*r + 1300217. Give c(-150).
17
Let n(u) = -2*u**3 + 19*u**2 - 131*u + 203. Determine n(2).
1
Let u(v) = v**3 + 256*v**2 + 1612*v + 412670. What is u(-256)?
-2
Let v(b) = -1474*b - 46876. Calculate v(-31).
-1182
Let v(n) = -2572*n - 138285. What is v(-54)?
603
Let s(i) = -7*i**3 + 71*i**2 + 462*i + 6. Give s(-7).
2652
Let x(j) = -60*j**2 + 707*j + 725. Calculate x(12).
569
Let u(q) = 343*q + 60730. Calculate u(-176).
362
Let p(a) = -6903*a + 48335. Give p(7).
14
Let y(s) = 26*s**2 + 121*s - 38. Give y(-6).
172
Let n(p) = 8*p**2 - 1704*p + 3731. Give n(212).
2035
Let o(r) = 7215*r + 577200. Give o(-80).
0
Let t(z) = -2798*z + 1379388. Determine t(493).
-26
Let p(b) = 2*b**3 - 353*b**2 + 4988*b + 477. What is p(161)?
-6
Let o(f) = 198*f**2 - 429*f + 119. Determine o(2).
53
Let d(c) = -15233*c + 396062. What is d(26)?
4
Let k(h) = 475*h**3 - 5701*h**2 + 15*h - 24. Give k(12).
12
Let u(r) = 14*r**2 + 7356*r - 4187. Determine u(-526).
21
Let a(w) = -28*w**2 - 3793*w - 2080. Calculate a(-135).
-325
Let h(v) = 2*v**3 - 4*v**2 - 83*v - 146. Give h(-4).
-6
Let f(l) = 70015*l + 420789. What is f(-6)?
699
Let c(u) = 5*u**2 + 12757*u - 102159. Calculate c(8).
217
Let h(r) = -r**3 - 15*r**2 + 9745*r + 107659. Determine h(-11).
-20
Let x(i) = i**2 - 62*i - 2819. What is x(-30)?
-59
Let l(u) = -27*u**2 + 263*u - 475. Give l(9).
-295
Let b(n) = -n**3 - 104*n**2 - 397*n + 906. What is b(-100)?
606
Let w(n) = -4*n**2 + 77*n - 326. What is w(13)?
-1
Let h(w) = w**3 + 52*w**2 + 1443*w + 75002. Determine h(-52).
-34
Let p(d) = 35353*d + 212113. Give p(-6).
-5
Let z(g) = -2*g**3 + 179*g**2 + 7391*g - 2425. Give z(-31).
55
Let p(u) = u**2 - 10824*u + 1516856. Determine p(142).
12
Let u(k) = -458155*k + 2290759. Determine u(5).
-16
Let u(n) = 16276*n + 49316. What is u(-3)?
488
Let c(m) = m**3 - 1817*m**2 - 47933*m - 337. Give c(-26).
53
Let o(n) = -42*n**2 - 4207*n - 16808. Give o(-4).
-652
Let x(d) = d**3 + 34*d**2 - 491*d + 190. Calculate x(-45).
10
Let u(d) = -3*d**2 + 1539*d - 183657. Determine u(189).
51
Let w(v) = -169018*v + 1521162. What is w(9)?
0
Let g(h) = h**3 + 82*h**2 + 69*h - 161. Determine g(-81).
811
Let q(v) = -4392*v - 966088. What is q(-220)?
152
Let t(j) = -16*j**2 + 2552*j + 198. Determine t(160).
-1082
Let p(z) = 26334*z - 105280. Give p(4).
56
Let k(g) = -2*g**3 - 319*g**2 - 205*g - 7333. Determine k(-159).
-19
Let f(j) = -30973*j - 154572. Determine f(